hest common divisor of 440 and 120.
40
What is the highest common divisor of 66 and 6?
6
Calculate the greatest common factor of 207 and 345.
69
What is the highest common divisor of 152 and 684?
76
What is the greatest common divisor of 247 and 13?
13
What is the greatest common factor of 255 and 45?
15
Calculate the greatest common divisor of 92 and 2484.
92
What is the greatest common divisor of 9757 and 44?
11
Calculate the greatest common divisor of 8 and 100.
4
What is the greatest common divisor of 3125 and 25?
25
Calculate the greatest common factor of 390 and 1014.
78
What is the highest common divisor of 261 and 873?
9
What is the greatest common divisor of 12 and 60?
12
What is the greatest common divisor of 8 and 1552?
8
Calculate the greatest common divisor of 80 and 106.
2
Calculate the highest common factor of 32 and 128.
32
What is the greatest common factor of 67 and 201?
67
Calculate the greatest common factor of 63 and 819.
63
Calculate the highest common divisor of 88 and 12.
4
Calculate the greatest common factor of 37 and 6586.
37
What is the greatest common divisor of 230 and 20?
10
Calculate the greatest common divisor of 524 and 14803.
131
What is the highest common factor of 2919 and 105?
21
What is the highest common factor of 560 and 26600?
280
What is the greatest common factor of 105 and 30?
15
Calculate the highest common factor of 15376 and 124.
124
What is the greatest common divisor of 148 and 111?
37
Calculate the greatest common divisor of 144 and 9.
9
What is the highest common factor of 6 and 6?
6
Calculate the highest common factor of 15 and 910.
5
Calculate the highest common divisor of 93 and 248.
31
What is the greatest common divisor of 4876 and 424?
212
Calculate the highest common divisor of 429 and 117.
39
Calculate the greatest common factor of 74 and 28.
2
What is the greatest common divisor of 128 and 188?
4
Calculate the highest common factor of 3 and 109.
1
What is the greatest common divisor of 25 and 21?
1
Calculate the highest common factor of 2672 and 48.
16
Calculate the greatest common divisor of 167 and 27.
1
What is the highest common factor of 70 and 140?
70
What is the greatest common divisor of 9256 and 208?
104
Calculate the highest common factor of 615 and 1695.
15
What is the highest common divisor of 30 and 480?
30
Calculate the highest common factor of 19 and 551.
19
What is the greatest common factor of 21 and 6?
3
What is the greatest common factor of 39 and 1014?
39
Calculate the greatest common divisor of 784 and 49.
49
What is the highest common divisor of 242 and 116?
2
What is the highest common divisor of 459 and 34?
17
Calculate the highest common factor of 12 and 15.
3
Calculate the highest common factor of 32 and 2048.
32
Calculate the highest common factor of 448 and 6496.
224
Calculate the greatest common factor of 8359 and 39.
13
What is the greatest common divisor of 61 and 12261?
61
What is the greatest common divisor of 10 and 470?
10
What is the greatest common factor of 1003 and 51?
17
Calculate the highest common divisor of 20 and 255.
5
Calculate the highest common divisor of 93 and 6603.
93
What is the greatest common divisor of 477 and 9?
9
Calculate the greatest common divisor of 820 and 100.
20
Calculate the highest common divisor of 48 and 4272.
48
Calculate the greatest common divisor of 9 and 66.
3
What is the highest common divisor of 3152 and 197?
197
Calculate the greatest common divisor of 29 and 12528.
29
What is the highest common divisor of 90 and 108?
18
Calculate the greatest common factor of 74708 and 38.
38
Calculate the greatest common factor of 79 and 6004.
79
Calculate the greatest common factor of 4380 and 20.
20
What is the greatest common factor of 27 and 5949?
9
Calculate the highest common factor of 22842 and 94.
94
What is the highest common factor of 124 and 212?
4
Calculate the greatest common factor of 216 and 702.
54
Calculate the highest common divisor of 10 and 71470.
10
Calculate the greatest common divisor of 66 and 38.
2
Calculate the highest common factor of 8 and 1160.
8
Calculate the greatest common divisor of 1260 and 70.
70
What is the highest common factor of 112 and 128?
16
Calculate the greatest common factor of 10 and 670.
10
Calculate the greatest common factor of 800 and 60.
20
What is the highest common divisor of 352 and 132?
44
What is the greatest common factor of 3 and 237?
3
What is the highest common divisor of 4214 and 98?
98
Calculate the greatest common factor of 11 and 176.
11
Calculate the highest common divisor of 146 and 2.
2
What is the highest common factor of 391 and 23?
23
Calculate the greatest common divisor of 22 and 704.
22
Calculate the highest common factor of 7 and 1498.
7
What is the greatest common divisor of 403 and 13?
13
What is the greatest common divisor of 64 and 176?
16
Calculate the greatest common divisor of 90 and 15570.
90
Calculate the greatest common factor of 203 and 29.
29
What is the greatest common divisor of 50 and 770?
10
Calculate the greatest common factor of 96 and 336.
48
Calculate the greatest common factor of 335 and 134.
67
What is the greatest common factor of 25 and 100?
25
What is the highest common divisor of 341 and 44?
11
What is the greatest common factor of 57 and 2128?
19
Calculate the greatest common factor of 31 and 1271.
31
Calculate the highest common divisor of 30 and 39.
3
What is the highest common divisor of 29 and 116?
29
Calculate the highest common factor of 1853 and 17.
17
Calculate the highest common divisor of 9 and 18.
9
Calculate the highest common factor of 36 and 4293.
9
Calculate the highest common divisor of 4791 and 9.
3
What is the greatest common divisor of 512 and 32?
32
What is the greatest common factor of 138 and 184?
46
Calculate the highest common factor of 1400 and 1575.
175
Calculate the highest common divisor of 162 and 648.
162
What is the highest common divisor of 206 and 12978?
206
Calculate the highest common factor of 45 and 105.
15
What is the greatest common divisor of 2580 and 3354?
258
Calculate the greatest common factor of 39 and 13.
13
Calculate the greatest common factor of 15 and 20115.
15
What is the highest common factor of 210 and 350?
70
What is the highest common factor of 75 and 600?
75
Calculate the greatest common factor of 429 and 33.
33
Calculate the highest common divisor of 44 and 605.
11
What is the greatest common divisor of 117 and 19071?
117
What is the greatest common divisor of 34765 and 85?
85
What is the highest common factor of 457 and 1?
1
Calculate the highest common divisor of 2 and 295.
1
What is the highest common divisor of 75 and 45?
15
What is the highest common factor of 90 and 99?
9
Calculate the highest common factor of 64 and 120128.
64
Calculate the highest common factor of 38 and 551.
19
Calculate the highest common divisor of 3 and 27.
3
What is the highest common divisor of 35 and 161?
7
Calculate the highest common divisor of 945 and 903.
21
Calculate the greatest common factor of 90 and 198.
18
What is the highest common divisor of 1560 and 216?
24
What is the highest common divisor of 10237 and 29?
29
What is the greatest common divisor of 12 and 15?
3
What is the greatest common factor of 896 and 1408?
128
Calculate the highest common divisor of 495 and 45.
45
What is the highest common factor of 2304 and 228?
12
What is the highest common factor of 18 and 366?
6
Calculate the greatest common divisor of 516 and 336.
12
What is the highest common factor of 9 and 6219?
9
Calculate the highest common factor of 1 and 188.
1
What is the greatest common divisor of 255 and 204?
51
What is the greatest common factor of 11 and 539?
11
What is the greatest common factor of 11592 and 144?
72
Calculate the greatest common divisor of 23392 and 16.
16
Calculate the greatest common factor of 84 and 63.
21
What is the highest common factor of 73749 and 39?
39
What is the greatest common factor of 100 and 620?
20
Calculate the greatest common factor of 2140 and 20.
20
Calculate the highest common divisor of 143 and 1287.
143
What is the highest common factor of 68 and 4?
4
What is the highest common factor of 410 and 10?
10
What is the highest common factor of 210 and 190?
10
